5/20 - 7*v**4/12 + 2*v**3/3 + 3*v**2/2 + 7*v. What are the prime factors of r(y)?
5, 7
Let j(z) = -z**2 + 4*z - 1. Let x be 2 + (2 - (0 - -1)). Let h be j(x). Suppose -3*b = h*b - 245. List the prime factors of b.
7
Let b(h) = -h**3 + 7*h**2 - 3*h + 2. Suppose -11 = q - 41. Suppose 5*l - 10*l = -q. List the prime factors of b(l).
2, 5
Let r(c) = 208*c + 238. What are the prime factors of r(10)?
2, 19, 61
Suppose -27*x + 5380 - 142 = 0. What are the prime factors of x?
2, 97
Let s(l) = -3*l**2 + 14*l - 14. Let d(u) = 2*u**2 - 13*u + 14. Let j(p) = -6*d(p) - 5*s(p). List the prime factors of j(6).
2, 71
Let c be (-7)/((-21)/(-36)) + 0. Let h be c/(-5) - (-24)/(-60). Let u(t) = 2*t**2 - 4*t + 4. What are the prime factors of u(h)?
2
Let s(v) be the second derivative of v**4/4 - 41*v**3/6 + 7*v**2/2 + 33*v. List the prime factors of s(17).
3, 59
Let l(j) = -j**3 + 12*j**2 - 10*j - 5. Let y be l(11). Suppose -3*c = -6*c + y. Suppose c*h + 2*h = 264. What are the prime factors of h?
2, 3, 11
Let o(q) = q**3 + 8*q**2 - q - 24. Let u be o(-7). Suppose -c = 3*c - 4*x - 24, 0 = 2*c + 2*x - u. What are the prime factors of c?
11
Let r(j) = -j**2 - 12*j + 1. Let l be r(-13). Let g = l + 17. Suppose g*k = -5*n + 54 + 11, -2*n = -3*k - 1. List the prime factors of n.
2
Let t = 5 - -71. Suppose 116 = 2*o - 2*z + 6*z, 0 = o - 4*z - t. List the prime factors of o.
2
Let g(p) = p**3 - 10*p**2 + 8*p + 13. Let r be g(9). Suppose i + 1 = r. Suppose i*j - 11 - 10 = 0. What are the prime factors of j?
7
Let b be ((-8)/(-6))/(22/(-33)). Let z be 1*1/b*-4. List the prime factors of (3/9)/(z/78).
13
Let w = 594 - 486. What are the prime factors of w?
2, 3
Let s(c) = -c**2 - 17 + 6 + 11. Let d(x) = 64*x**2 - x + 2. Let r(k) = d(k) + 3*s(k). What are the prime factors of r(1)?
2, 31
Let a(z) = -4*z - 19. Let k(u) be the first derivative of -2*u**3/3 - 7*u**2/2 + 11*u + 2. Let y be k(-6). List the prime factors of a(y).
3, 19
Let r = 70 - 58. What are the prime factors of 147/9*(r - -3)/5?
7
Suppose 6 = -3*a, 372 = 5*g - 5*a - 343. Suppose 4*s = 35 + g. List the prime factors of s.
2, 11
Let h = 276 + -387. Let s = -70 - h. What are the prime factors of s?
41
What are the prime factors of (-3718)/(-4) - (5 + 22/(-4))?
2, 3, 5, 31
Suppose 9*u = 11*u + 2. What are the prime factors of (72/40)/(u/(-5))?
3
Let k(g) = g**3 + 2*g**2 + g + 55. Let v = -25 + 25. List the prime factors of k(v).
5, 11
Let p(k) = 48*k**2 + 14*k - 6. What are the prime factors of p(3)?
2, 3, 13
Let w = -6 + 7. Suppose -5*c = -14 - w. What are the prime factors of 3 + 1 - 0/c?
2
Suppose -36 - 24 = 3*w. Let n = -15 - w. Suppose -n*v + 230 = 80. What are the prime factors of v?
2, 3, 5
Suppose -42*f + 27*f + 23445 = 0. What are the prime factors of f?
3, 521
Suppose -4*m + 3*q + 35 = -2*m, q = -3*m + 25. Let t(a) = -a**2 + 21*a - 30. List the prime factors of t(m).
2, 5
Let v(d) = 25*d**3 - d**2 + 3*d - 1. List the prime factors of v(4).
5, 11, 29
Suppose 0 = 5*c - 1603 - 4822. What are the prime factors of c?
5, 257
Suppose -37 + 133 = -16*r. List the prime factors of 283 - (-1)/(-1)*(r - -9).
2, 5, 7
Suppose 13*i - 3*z + 944 = 9*i, 470 = -2*i + z. Let x = i - -333. What are the prime factors of x?
2, 5
Let w = 553 - -594. What are the prime factors of w?
31, 37
Let c be 1 - (5 + 27/(-3)). Suppose x + 4*t = 37, -32 = -x - t - 2*t. Let h = x - c. What are the prime factors of h?
2, 3
Suppose 2*y - 7*y - 54 = 4*i, 2 = -2*i. What are the prime factors of (55/10)/((-1)/y)?
5, 11
Let v be 18/(-6)*(-12)/9. Suppose 3*b - 1 - 7 = -5*z, -5*b + v*z = -38. List the prime factors of b.
2, 3
Suppose 2*h - 20 = 10. Suppose -4*u = -u - h. Suppose 6*j - j - u*s - 90 = 0, 2*s = 4*j - 66. List the prime factors of j.
3, 5
Suppose -18*n = -24393 - 34143. List the prime factors of n.
2, 3, 271
Suppose 4*d - 47 = 101. Suppose -5*v - 2*i = -49, -5*v + 4*i + d = -0*v. List the prime factors of v.
3
Let b = 30 - 20. Suppose 0 = 3*x - 149 - b. Let g = x - 33. List the prime factors of g.
2, 5
Let n(k) = -2*k**2 - 23 + 16*k - 31*k + k**2. What are the prime factors of n(-12)?
13
Let j(z) = z**2 - 19*z + 15. Let n(m) = -m**2 + 18*m - 15. Let l(d) = 6*j(d) + 7*n(d). Let u = -17 + 27. What are the prime factors of l(u)?
5
Suppose -3*j + 62 = j + 2*v, 4*j = v + 47. Suppose -6*a - 336 = -j*a. What are the prime factors of a?
2, 3
Suppose 5*z - b + 54 = 0, 5*z - 4*b = -b - 62. List the prime factors of 24/(-40) - (2906/z - 2).
2, 73
Suppose -4*b - 518 = 2*o, -5*o + 3*o = b + 134. Let l = 146 + b. List the prime factors of l.
2, 3
Let p(a) = -a**3 + 15*a**2 + 18*a - 18. Let i be p(16). Suppose -2*m = i - 30. What are the prime factors of (-20)/m*(-8)/5?
2
Let k = -103 + 106. Suppose w + w + c - 376 = 0, 4*c + 764 = 4*w. Suppose -k*a - w = -10*a. List the prime factors of a.
3
Let h = 45 - 169. Let v = -58 - h. What are the prime factors of v?
2, 3, 11
What are the prime factors of -285*((-56)/(-35) + -2)?
2, 3, 19
Let i = 1 - 18. Let p be (2/2)/(i/(-51)). Suppose -49 = p*m - 4*m. What are the prime factors of m?
7
Let s = 18 - -6. Let c = s + 3. List the prime factors of c.
3
Suppose 0 = -40*o + 47*o + 77. Let m(v) = 1. Let y(g) = -4*g - 28. Let c(r) = m(r) + y(r). What are the prime factors of c(o)?
17
Let z be (39/(-2))/(-13)*4/3. Suppose -3 = -z*d + 89. What are the prime factors of d?
2, 23
Suppose 4*t - 256 = -2*b, 4*b + 2*t - 323 - 189 = 0. List the prime factors of (-2 - -4)/(644/b + -5).
2
Let c(x) = 5*x**2 - 3*x - 12. Let o = -59 - -64. What are the prime factors of c(o)?
2, 7
Suppose -u = 3*u - 792. Suppose u = 5*p - 2*p. List the prime factors of p.
2, 3, 11
Let m be (8/(-6))/(4/(-6)). Suppose 2*j - 5*n = -m*j - 10, -4*j - 22 = n. Let i(x) = -5*x + 3. List the prime factors of i(j).
2, 7
Let x(g) = g**3 - 3*g**2 - 5*g + 18. Let k be (9 - 20/4)/1. What are the prime factors of x(k)?
2, 7
Let r = -71 + 105. What are the prime factors of (-8)/(-6)*4131/r?
2, 3
Let b be (-6)/8 - 449/4. Let w = 171 + b. What are the prime factors of w?
2, 29
Suppose w - 1 + 0 = -3*n, -20 = 4*w. Suppose -4*f + 3*k + 647 = 0, -k - 313 = -n*f + 4*k. List the prime factors of f.
2, 41
Let i = 2820 - 1727. List the prime factors of i.
1093
Let f = 132 + 54. Suppose -2*s - f = -5*s. What are the prime factors of s?
2, 31
Suppose j - 51 = -4. Suppose 0*a - 62 = 2*a. Let y = a + j. List the prime factors of y.
2
Let p(j) = 36*j**2 - 5 - j - 7*j - 34*j**2. Let u be p(11). Suppose 0 = 5*w - u - 106. What are the prime factors of w?
3, 17
Suppose 2*p = 3*i - 3, p - 3*p = 5*i - 21. Suppose m - i*m + 210 = 0. Let a = m - 47. List the prime factors of a.
2, 29
Suppose 8*f = 1413 + 275. What are the prime factors of f?
211
Let i = 60 + -119. Let w = i - -85. What are the prime factors of w?
2, 13
Suppose 77*j = 93*j - 12064. What are the prime factors of j?
2, 13, 29
Suppose 32 = 4*c - 5*f, -f = -c - c + 10. Let o be c*10/18*3. Suppose -r + 2*i + 19 = 0, 5*r + o*i - 12 - 8 = 0. What are the prime factors of r?
3
Suppose -5*i + 10*i - 15 = 0. Suppose o - 82 = 3*r, -4*o + 89 + 266 = -i*r. List the prime factors of o.
7, 13
Let i(t) = 2*t**3 + 4*t + 12. Let r be i(5). Suppose u = -2*u + b + r, u - 78 = -5*b. List the prime factors of u.
3, 31
What are the prime factors of (0 + 1)*(117 - 74)?
43
Let g = 17 - -4. Let r = 25 - g. Suppose -r*l + 2*b + 198 = 0, -161 = -4*l + 4*b + 27. List the prime factors of l.
2, 13
Let b(y) = 78*y**3 + 73*y**3 - 5*y + 2 - 150*y**3. What are the prime factors of b(3)?
2, 7
Let x(o) = 83*o - 306*o + 0 - 1 + 3. What are the prime factors of x(-1)?
3, 5
Let m(v) = 2*v**3 - 2*v**2 + 3*v + 50. What are the prime factors of m(0)?
2, 5
Suppose -n = -3*o - 8, 0 = -o + 1 - 5. Let z = n - -6. Suppose -9 = -3*g, -4*g - 21 = -f - z*g. What are the prime factors of f?
3
Suppose -649 - 401 = -7*c. What are the prime factors of c?
2, 3, 5
Let p be 3/(-3) + 3*(-4)/(-3). Suppose 121 = z + m, -p*z + 0*m = -2*m - 338. What are the prime factors of z?
2, 29
Let v(g) = 2*g**3 + 18*g**2 - 20*g - 1. Let o(x) = x**3. Let u(q) = 3*o(q) - v(q). List the prime factors of u(17).
2, 13
Let w(c) = -c - 8*c - 6 + 4*c**2 + 4*c. Let d be w(5). Let m = d + -2. What are the prime factors of m?
67
List the prime factors of (-54)/(-81)*5/(20/5322).
887
Suppose -1